 4?
False
Is 2 a factor of 3130?
True
Is 211 a factor of 51273?
True
Is 2880 a multiple of 16?
True
Is 24 a factor of 1176?
True
Does 6 divide 890?
False
Is 6 a factor of 42641?
False
Is 15 a factor of 31455?
True
Is 23400 a multiple of 39?
True
Is 13464 a multiple of 136?
True
Is 240 a factor of 11107?
False
Is 144 a multiple of 4?
True
Does 16 divide 638?
False
Is 3420 a multiple of 4?
True
Does 7 divide 129?
False
Does 125 divide 2320?
False
Is 49 a factor of 3529?
False
Is 520 a multiple of 26?
True
Is 491 a multiple of 78?
False
Is 1891 a multiple of 7?
False
Does 56 divide 7840?
True
Is 19180 a multiple of 105?
False
Is 475 a multiple of 32?
False
Is 52 a factor of 4188?
False
Is 231 a multiple of 11?
True
Is 496 a multiple of 16?
True
Is 210 a multiple of 19?
False
Does 26 divide 51873?
False
Does 219 divide 12264?
True
Is 168 a factor of 13272?
True
Is 73 a factor of 51877?
False
Is 12943 a multiple of 43?
True
Is 1243 a multiple of 26?
False
Does 12 divide 3096?
True
Is 5 a factor of 246?
False
Is 7 a factor of 217?
True
Is 4 a factor of 139?
False
Does 226 divide 12882?
True
Does 7 divide 1498?
True
Does 18 divide 287?
False
Does 13 divide 70759?
True
Is 54 a factor of 378?
True
Is 1792 a multiple of 28?
True
Does 10 divide 92090?
True
Is 125 a factor of 1750?
True
Is 19754 a multiple of 14?
True
Is 4543 a multiple of 102?
False
Is 446 a multiple of 8?
False
Does 154 divide 18076?
False
Is 53 a factor of 2544?
True
Is 87 a factor of 6671?
False
Is 1361 a multiple of 5?
False
Does 48 divide 1018?
False
Does 45 divide 675?
True
Is 37119 a multiple of 29?
False
Is 57 a multiple of 19?
True
Does 100 divide 2000?
True
Is 372 a multiple of 16?
False
Is 39 a factor of 1053?
True
Is 45 a factor of 529?
False
Does 4 divide 360?
True
Does 68 divide 681?
False
Is 3645 a multiple of 15?
True
Is 813 a multiple of 23?
False
Is 8 a factor of 4088?
True
Is 1068 a multiple of 28?
False
Does 6 divide 11106?
True
Does 32 divide 1573?
False
Is 7272 a multiple of 24?
True
Is 3 a factor of 2676?
True
Is 50 a factor of 6900?
True
Is 960 a multiple of 16?
True
Is 12 a factor of 5748?
True
Is 61 a factor of 19142?
False
Is 154 a multiple of 22?
True
Does 23 divide 874?
True
Does 20 divide 1792?
False
Does 33 divide 548?
False
Does 40 divide 21356?
False
Does 24 divide 936?
True
Is 53 a factor of 6625?
True
Is 37 a factor of 6697?
True
Is 3 a factor of 1511?
False
Is 96 a factor of 1344?
True
Does 5 divide 1470?
True
Is 12 a factor of 23436?
True
Is 86 a multiple of 14?
False
Does 31 divide 31?
True
Is 3663 a multiple of 34?
False
Is 613 a multiple of 12?
False
Is 36 a factor of 4029?
False
Is 50 a factor of 460?
False
Is 409 a multiple of 5?
False
Is 26 a factor of 1100?
False
Is 4 a factor of 275?
False
Does 20 divide 5240?
True
Is 3 a factor of 219?
True
Is 2272 a multiple of 91?
False
Does 4 divide 52?
True
Is 10 a factor of 260?
True
Is 3102 a multiple of 22?
True
Is 235 a factor of 31818?
False
Is 2 a factor of 405?
False
Is 104 a factor of 5776?
False
Does 112 divide 8400?
True
Does 22 divide 858?
True
Does 36 divide 20556?
True
Does 15 divide 70648?
False
Is 486 a factor of 12953?
False
Is 32390 a multiple of 10?
True
Is 54 a multiple of 6?
True
Does 188 divide 73132?
True
Is 383 a multiple of 15?
False
Is 27 a factor of 13662?
True
Is 11 a factor of 73579?
True
Is 11 a factor of 4053?
False
Is 2 a factor of 2020?
True
Is 16 a factor of 851?
False
Is 84208 a multiple of 304?
True
Does 4 divide 17876?
True
Is 6 a factor of 156?
True
Does 12 divide 3408?
True
Is 103 a multiple of 8?
False
Is 2580 a multiple of 20?
True
Does 46 divide 1840?
True
Is 35 a factor of 13895?
True
Is 340 a factor of 69020?
True
Is 2 a factor of 1033?
False
Is 29 a factor of 3277?
True
Is 5 a factor of 270?
True
Does 7 divide 158?
False
Is 180 a factor of 28515?
False
Is 3472 a multiple of 16?
True
Is 12 a factor of 2842?
False
Does 84 divide 1092?
True
Does 50 divide 107745?
False
Is 190 a multiple of 5?
True
Does 44 divide 1452?
True
Is 148 a multiple of 20?
False
Is 82005 a multiple of 11?
True
Is 95 a factor of 1425?
True
Is 47734 a multiple of 40?
False
Is 679 a multiple of 3?
False
Is 82 a multiple of 3?
False
Does 103 divide 18540?
True
Is 19 a factor of 918?
False
Is 42 a factor of 451?
False
Is 45937 a multiple of 162?
False
Does 42 divide 294?
True
Is 2700 a multiple of 60?
True
Is 23 a factor of 3174?
True
Is 35404 a multiple of 12?
False
Is 682 a multiple of 7?
False
Does 64 divide 5856?
False
Is 19 a factor of 763?
False
Does 20 divide 11745?
False
Is 90 a factor of 6093?
False
Is 7844 a multiple of 9?
False
Does 46 divide 46?
True
Is 364 a multiple of 14?
True
Does 34 divide 5220?
False
Is 30 a factor of 25066?
False
Does 6 divide 29804?
False
Does 14 divide 16561?
False
Is 44 a factor of 1480?
False
Is 103 a factor of 2968?
False
Is 67 a factor of 6834?
True
Is 11 a factor of 517?
True
Is 2397 a multiple of 51?
True
Is 3 a factor of 1768?
False
Is 193 a factor of 5865?
False
Is 12 a factor of 756?
True
Is 27126 a multiple of 66?
True
Is 21 a factor of 462?
True
Is 23 a factor of 5779?
False
Does 75 divide 1611?
False
Is 10692 a multiple of 108?
True
Does 9 divide 15894?
True
Does 13 divide 7241?
True
Is 45 a factor of 2610?
True
Is 4440 a multiple of 40?
True
Is 43482 a multiple of 6?
True
Is 34310 a multiple of 73?
True
Is 79765 a multiple of 63?
False
Is 30 a multiple of 30?
True
Is 2 a factor of 2512?
True
Is 31 a factor of 16523?
True
Is 26 a factor of 14924?
True
Is 52 a factor of 3536?
True
Is 11 a factor of 2057?
True
Is 32 a factor of 2752?
True
Is 7 a factor of 1610?
True
Is 257 a multiple of 12?
False
Is 26815 a multiple of 19?
False
Does 39 divide 5967?
True
Is 80970 a multiple of 46?
False
Is 60971 a multiple of 19?
True
Does 16 divide 272?
True
Is 388 a multiple of 9?
False
Does 73 divide 1188?
False
Is 1093 a multiple of 9?
False
Is 3 a factor of 62?
False
Is 476 a multiple of 17?
True
Is 4581 a multiple of 22?
False
Is 14 a factor of 9296?
True
Is 9 a factor of 3743?
False
Does 320 divide 54569?
False
Does 10 divide 641?
False
Is 1155 a multiple of 15?
True
Does 3 divide 9?
True
Is 17430 a multiple of 70?
True
Is 1686 a multiple of 23?
False
Is 4863 a multiple of 154?
False
Is 19 a factor of 1387?
True
Is 30155 a multiple of 163?
True
Is 31 a factor of 15899?
False
Is 988 a multiple of 76?
True
Does 5 divide 1310?
True
Is 1379 a multiple of 19?
False
Is 14420 a multiple of 7?
True
Is 35 a factor of 22575?
True
Does 21 divide 1332?
False
Does 52 divide 43732?
True
Is 440 a multiple of 44?
True
Is 3186 a multiple of 28?
False
Is 10 a factor of 36?
False
Is 26 a factor of 37492?
True
Is 24 a factor of 11411?
False
Is 7 a factor of 497?
True
Is 4 a factor of 688?
True
Does 65 divide 23530?
True
Is 2040 a multiple of 68?
True
Is 9 a factor of 81?
True
Does 199 divide 23482?
True
Does 53 divide 1530?
False
Is 12259 a multiple of 41?
True
Is 91769 a multiple of 39?
False
Is 10560 a multiple of 44?
True
Is 29 a factor of 474?
False
Does 107 divide 5136?
True
Does 13 divide 1042?
False
Is 21644 a multiple of 28?
True
Is 7 a factor of 105?
True
Is 26881 a multiple of 11?
False
Does 15 divide 63288?
False
Is 9 a factor of 11700?
True
Is 93 a factor of 465?
True
Does 13 divide 33423?
True
Does 23 divide 5681?
True
Is 50 a factor of 11775?
False
Does 14 divide 2072?
True
Does 15 divide 304?
False
Does 19 divide 1178?
True
Is 4511 a multiple of 5?
False
Is 384 a multiple of 62?
False
Is 507 a multiple of 9?
False
Does 19 divide 221?
False
Does 5 divide 349?
False
Does 3 divide 269?
False
Is 1052 a multiple of 4?
True
Does 6 divide 880?
False
Does 77 divide 10164?
True
Is 221 a multiple of 40?
False
Is 688 a multiple of 31?
False
Is 12 a factor of 14112?
True
Does 44 divide 354?
False
Is 1527 a multiple of 10?
False
Is 27981 a multiple of 84?
False
Is 73 a factor of 1158?
False
Is 440 a multiple of 44?
True
Is 37 a factor of 961?
False
Is 14 a factor of 445?
False
Is 13 a factor of 231?
False
Is 10 a factor of 5660?
True
Is 3 a factor of 2533?
False
Is 19 a factor of 7182?
True
Is 36 a factor of 20556?
True
Does 91 divide 2184?
True
Is 67 a factor of 331?
False
Is 12565 a multiple of 2?
False
Does 12 divide 326?
False
Is 23687 a multiple of 22?
False
Does 27